 prime factors of c?
2, 67
Suppose 185822 = 44*j - 2754170. What are the prime factors of j?
2, 33409
Let n(b) = 50*b + 42*b - 23*b. Let k = 1 + 0. What are the prime factors of n(k)?
3, 23
Let q(a) = 2*a**3 - 23*a**2 - 18*a + 37. Let r be q(19). Suppose -25*k = -15*k - r. List the prime factors of k.
7, 73
Suppose 2*r + 4995 + 747 = 0. Let s = -1653 - r. What are the prime factors of s?
2, 3, 7, 29
Let t(v) = 10*v - 3. Let x be t(4). Suppose -11 - x = -8*n. What are the prime factors of (-1)/n + 734/12?
61
Suppose -2*z - 254 = -3*s, 0*z + 418 = 5*s + 2*z. Let w = s - 76. Suppose -49 = w*u - 15*u. What are the prime factors of u?
7
Suppose 3*o + 3 = 0, 3*o = -11*c + 14*c - 3. List the prime factors of 16/2 - (c - -6).
2
Let k = 208 + -151. Suppose 0 = -0*t + 2*t - 12. Let h = k - t. List the prime factors of h.
3, 17
Let d(n) = 296*n**2 - 278*n + 4348. What are the prime factors of d(15)?
2, 173, 193
List the prime factors of 12*(6/18 + 0 - (-26174)/12).
2, 3, 4363
Let r(h) = -6*h + 2. Let o be -4 + (75/5)/5. Let l be r(o). What are the prime factors of ((-219)/(-6) + 4)/(6/l)?
2, 3
Let o = 76764 + -38770. What are the prime factors of o?
2, 11, 157
What are the prime factors of (-594*(-564)/(-96))/(((-28)/(-16))/(-7))?
3, 11, 47
Let g = 55 - 43. Suppose 4*t + 4*l = 3*l + 6, 2*t - 4*l = g. List the prime factors of (-1)/(t/234*-3).
3, 13
Suppose 0 = z - l, -z = -6*z + 3*l + 6. Let v(g) = 6*g**2 - g - 5*g**2 - 2 - g**3 - 2*g**z - 2*g**3. List the prime factors of v(-2).
2, 11
Let n(g) = -36*g**2 + 4*g - 2. Let a(h) = -18*h**2 + 2*h - 1. Let o(u) = 13*a(u) - 6*n(u). Let y be o(1). Let w = 57 - y. List the prime factors of w.
2, 37
Suppose -4*i = -3*w + 361 + 638, -4*i + 365 = w. List the prime factors of w.
11, 31
Let s(k) = -4*k + 93. Let g be s(20). Suppose g*t = 2999 + 1837. List the prime factors of t.
2, 3, 31
Let a(c) = 27*c**2 - 10*c - 51. What are the prime factors of a(-8)?
7, 251
Let g = 848 + -846. Let t(o) = 37*o + 2 + 1 + 6*o + 2. List the prime factors of t(g).
7, 13
Let y = 2833 - -688. Let n = y - 2469. What are the prime factors of n?
2, 263
Let o(w) = -141*w + 12208. What are the prime factors of o(-61)?
20809
Suppose -716400 = -99*b + 317259. List the prime factors of b.
53, 197
Let x(u) = 6*u + 153. Let f(r) = -7*r - 152. Let i(n) = 3*f(n) + 4*x(n). List the prime factors of i(-33).
3, 19
Let f = 206 - 206. Suppose f = 61*r - 52*r - 1737. What are the prime factors of r?
193
Suppose -a = -y - 3, 4*a - y - 5 - 13 = 0. Let p(z) = 4*z - 22. Let g be p(a). What are the prime factors of (-2 - (3 + g)) + 41?
2, 19
Let i(g) = -13*g + 43. Let x be i(3). Suppose -x*r + 768 = -1224. What are the prime factors of r?
2, 3, 83
Let q(o) = 14*o + 5*o + o**2 - 9*o - 5 + 19. Let i be q(-30). Suppose 10*u - 526 - i = 0. List the prime factors of u.
2, 3, 19
Let x(d) = d**2 + 8*d - 4. Let q be x(-8). List the prime factors of 4035/12 - q/(-16).
2, 3, 7
Let i be (-2)/5*(-30)/(-3) + 4. Suppose -18*d + 8*d + 700 = i. What are the prime factors of d?
2, 5, 7
Let t(j) = j**3 + 3*j**2 - 4*j - 4. Let x be t(-2). Suppose x*a + 117 = 11*a. Suppose 22*b - 25*b = -a. List the prime factors of b.
13
Suppose -8*f = 12*f + 7*f. Suppose f = 5*x + h - 1603, -2*x + 3*h = 3*x - 1611. What are the prime factors of x?
3, 107
Let c(p) = 7*p**2 + p + 3. Let y(w) = -13*w**2 - w - 5. Let b(u) = -7*c(u) - 4*y(u). Let g be b(-1). List the prime factors of 489/g - 32/40.
97
Let q = 11 - -159. Suppose 2*a - 232 = 2*b - 0*b, 4*a + 2*b = 458. Let n = q - a. List the prime factors of n.
5, 11
List the prime factors of 22327 + 76/4 + -5.
3, 11, 677
Let d = 12610 - -32995. What are the prime factors of d?
5, 7, 1303
Let v(q) be the third derivative of -q**4/3 - 5*q**3/6 - 18*q**2. Let b be v(-7). Let l = b + -3. List the prime factors of l.
2, 3
Let g(m) = 36*m**2 + 24*m + 9. Let y(c) = -7*c**2 - 5*c - 2. Let u(q) = 5*g(q) + 24*y(q). Let j be (18/12)/((2 + -3)/2). What are the prime factors of u(j)?
3, 5, 7
What are the prime factors of ((-71)/(-3))/(-10*(-2)/4980)?
71, 83
Let b(p) = 698*p + 15. Let a(n) = -350*n - 8. Let q(g) = -7*a(g) - 4*b(g). What are the prime factors of q(-1)?
2, 13
Let t(y) = 407*y**2 - 523*y - 22. What are the prime factors of t(13)?
2, 3, 23, 449
Let k = 11097 + -9290. List the prime factors of k.
13, 139
Let l(r) = -6*r - 41. Let f be l(-8). Suppose 0 = -f*u + 307 + 1744. List the prime factors of u.
293
List the prime factors of 6514 + 18/((-108)/(-30)).
3, 41, 53
Let x(n) = 14*n**2 + 21*n - 95. Let k be x(9). Suppose 5477 = 7*y + k. List the prime factors of y.
607
Let g be (-167)/(-2)*(-3 + 1). Suppose 4*x + 98 = -h, -3*h - 4*x - 321 = 5. Let p = h - g. What are the prime factors of p?
53
Let c(f) be the second derivative of f**5/10 + f**4/12 + f**2 + 12*f. Let b be c(0). What are the prime factors of 3 - 20/(-8)*b?
2
Let g be 145/4*312/(-6). Let j = g + 3329. List the prime factors of j.
2, 19
Let y(w) = 57*w**3 + 10*w**2 - 14*w - 68. List the prime factors of y(4).
2, 3, 307
Let n(f) = 6896*f - 295. List the prime factors of n(1).
7, 23, 41
Let n(z) = 2*z + 8. Let x = 28 - 31. Let s be n(x). Suppose s*i + 0*b = 3*b + 91, 4*i = -2*b + 222. What are the prime factors of i?
53
Suppose i + 5*z = 5*i - 131257, -i + 32827 = 3*z. List the prime factors of i.
2, 61, 269
Let h be 21/(-56) + 188946/48. Suppose 4*i - 8*i = -h. List the prime factors of i.
2, 3, 41
Let y = 35 + -32. Suppose -5*g + y = h + 1, 3*h - 3*g = 42. List the prime factors of (-1 + 2)/(h/1380).
5, 23
What are the prime factors of 1224/(-5304) - 886112/(-26)?
173, 197
Let p be 183/4 - 19/(-76). Suppose 0 = p*v - 75729 + 979. List the prime factors of v.
5, 13
Let w = 3717 - 364. List the prime factors of w.
7, 479
Let y be (-2)/(-3) - 1104/(-18). Let k be ((-21)/6 + 6)*38. Let i = k - y. What are the prime factors of i?
3, 11
Let d = -45 + 49. Let v be 13/(-52) - ((-17)/d)/1. Suppose -v*m + 308 = -100. What are the prime factors of m?
2, 3, 17
Let u = 1343 + 37. Let c be (u/(-45))/((-1)/3). Suppose 5*n = 3*b + 114, 3*b = 4*n + b - c. What are the prime factors of n?
2, 3
Let l = -10196 - -12174. List the prime factors of l.
2, 23, 43
Suppose -g = -2*x + 837, -2*g + 6*g = -3*x + 1228. Suppose -13*u + 845 = -x. What are the prime factors of u?
97
Let i be 0 + (-2)/3 - (-4)/(-3). Let n be (8 + 2)/(5/2 + i). Suppose 5*o - n = 0, r - 4*o = -0*r + 7. List the prime factors of r.
23
Let k be 978/(-4)*12/(-18). Let u = k - -361. What are the prime factors of u?
2, 131
Suppose -14*g = 5851 - 17737. Suppose -4*n + 4*o + 1496 = 0, -o + g = 5*n - 1051. List the prime factors of n.
379
Suppose -4*q + 3*d = -3*q - 168, 5*d = 5*q - 870. Let i = q + -29. Suppose -2*g + i = -188. What are the prime factors of g?
2, 3, 7
Let c = -316 + 318. What are the prime factors of (-393)/(-2)*c/6*14?
7, 131
Suppose -59 - 145 = -2*k. List the prime factors of (-12)/9*k/(-4).
2, 17
Suppose 5*f = t - 0*f - 489, -4*t + 2028 = 4*f. Suppose -t = -2*a - 4*a. Suppose 0 = -y - 3*y + a. What are the prime factors of y?
3, 7
Let g(a) = -7*a**2 + 34*a + 1. Let m be g(3). List the prime factors of -195*(44/374 + m/(-51)).
2, 5, 13
Suppose -180*z + 1435667 = -407353. List the prime factors of z.
3, 3413
Suppose -5*c = -4*b - 2185, -5*c + 3*b = -0*c - 2190. Suppose -2*t = 2*n - 0*t - 186, -t = -5*n + c. Suppose -4*z + n = -327. What are the prime factors of z?
2, 13
Let d(i) = -1886*i - 7251. What are the prime factors of d(-24)?
3, 12671
Suppose -2*w = -2*f - 4764, w = 31*f - 32*f + 2378. List the prime factors of w.
2, 5, 7, 17
Suppose 23*q + 24*q - 38*q - 93573 = 0. What are the prime factors of q?
37, 281
Suppose 0*z + 1561 = 5*z + 4*i, -4*z = -4*i - 1220. Let b be z/7 + 6/(-42). Suppose -6*n + 212 = b. What are the prime factors of n?
2, 7
Let j(u) = -4*u - 36. Let d be j(-17). Let m be 1/(-4) - (-27464)/d. Suppose 2*t = 5*f + 4*t - m, -2*f + 3*t + 347 = 0. What are the prime factors of f?
2, 43
Suppose 0 = 2*j + 4*l - 14, 6*j - 8*j - 3*l = -12. Suppose 2*v - 1251 - 255 = -2*s, 0 = -j*v - 2*s + 2264. List the prime factors of v.
2, 379
Suppose 7 = -4*s - 13, -s = -2*y + 99. Let i = y - 43. Suppose i*o = o + 108. What are the prime factors of o?
2, 3
Let o = 247442 + -175479. What are the prime factors of o?
71963
Supp